ber?
False
Is 45176233 composite?
False
Is 6243157 composite?
False
Is 36194849 prime?
False
Is 7286621 a composite number?
False
Is 26361847 composite?
False
Is 9901757 composite?
True
Is 604523 prime?
False
Is 37510765 composite?
True
Is 7560493 a composite number?
False
Is 40626557 a prime number?
True
Is 41700599 a prime number?
False
Is 74458001 a prime number?
False
Is 5984518 a composite number?
True
Is 57668089 a composite number?
True
Is 41617195 a prime number?
False
Is 10076527 a composite number?
True
Is 17890361 a prime number?
False
Is 54764407 prime?
True
Is 131448533 a prime number?
False
Is 9763787 composite?
True
Is 161994961 a composite number?
False
Is 214351 a composite number?
False
Is 70748473 prime?
True
Is 242328001 composite?
True
Is 130258397 a composite number?
False
Is 27470663 a prime number?
False
Is 518951 a composite number?
True
Is 134751293 a prime number?
False
Is 1238362 composite?
True
Is 17937103 a composite number?
True
Is 26866949 prime?
True
Is 10077299 composite?
True
Is 32163767 a prime number?
False
Is 174771731 a prime number?
True
Is 211007 a prime number?
True
Is 6785813 a composite number?
True
Is 4008523 prime?
True
Is 27461389 composite?
True
Is 45160067 composite?
False
Is 31062715 a composite number?
True
Is 19050881 prime?
True
Is 972809 a prime number?
False
Is 55916277 a composite number?
True
Is 250757 prime?
False
Is 8561581 composite?
True
Is 5207467 a prime number?
True
Is 2676467 a prime number?
True
Is 528564409 a composite number?
False
Is 8068571 prime?
False
Is 6465061 composite?
False
Is 65592799 a composite number?
True
Is 192356317 prime?
True
Is 4097638 prime?
False
Is 65758103 composite?
False
Is 37151623 prime?
False
Is 6140797 a prime number?
False
Is 305618735 a prime number?
False
Is 7615 prime?
False
Is 260290313 prime?
False
Is 10186481 a composite number?
False
Is 30514331 prime?
True
Is 17579073 a prime number?
False
Is 379007 a prime number?
True
Is 25656887 prime?
True
Is 99798277 a composite number?
False
Is 513223273 a composite number?
False
Is 63183313 composite?
False
Is 4267517 composite?
False
Is 521515831 composite?
True
Is 21379453 a composite number?
False
Is 8111969 prime?
False
Is 296639474 a prime number?
False
Is 44827247 prime?
True
Is 2922973 a prime number?
True
Is 6174283 a prime number?
False
Is 11624399 a prime number?
False
Is 1432996831 composite?
True
Is 69677 a prime number?
True
Is 228795247 a composite number?
True
Is 1712129 prime?
True
Is 9735493 a composite number?
False
Is 7544387 composite?
True
Is 1963933 composite?
True
Is 1600721 composite?
False
Is 32722421 a prime number?
False
Is 117943237 a composite number?
False
Is 12980029 a prime number?
True
Is 35248385 composite?
True
Is 4759985 a composite number?
True
Is 14219623 composite?
True
Is 38972587 composite?
False
Is 704885 a prime number?
False
Is 45306979 a prime number?
False
Is 74001853 a composite number?
False
Is 5874331 a composite number?
False
Is 354518743 prime?
True
Is 987983 prime?
True
Is 17756663 composite?
False
Is 1485347 a composite number?
False
Is 321844057 composite?
False
Is 721456951 a composite number?
True
Is 1523867 prime?
False
Is 1049185 a prime number?
False
Is 474676177 a prime number?
False
Is 1095613 composite?
False
Is 68268019 composite?
False
Is 12518641 composite?
True
Is 8271407 a prime number?
True
Is 21216359 composite?
True
Is 2012053 composite?
True
Is 5851061 prime?
False
Is 36274477 prime?
False
Is 731256223 a composite number?
False
Is 383423 prime?
False
Is 196967 a prime number?
False
Is 31773583 prime?
True
Is 67997969 a composite number?
True
Is 34035457 a prime number?
False
Is 772061 a prime number?
True
Is 348686266 prime?
False
Is 893719 a composite number?
False
Is 76460699 a prime number?
False
Is 25511 composite?
True
Is 30975761 a composite number?
False
Is 9881227 prime?
False
Is 512417765 prime?
False
Is 146267047 a composite number?
False
Is 40304261 a prime number?
True
Is 417121 a composite number?
True
Is 2757529 composite?
False
Is 426593 a composite number?
True
Is 11879403 a prime number?
False
Is 261629 composite?
True
Is 273929987 composite?
False
Is 73417 prime?
True
Is 102910891 prime?
True
Is 10591019 prime?
True
Is 1649451 prime?
False
Is 8672831 composite?
False
Is 18213073 a composite number?
True
Is 5540881 a prime number?
False
Is 3474847 prime?
False
Is 60340613 prime?
True
Is 67488559 a composite number?
False
Is 3361601 prime?
True
Is 31515557 a composite number?
False
Is 13380583 a composite number?
False
Is 803581 composite?
True
Is 15372251 a prime number?
True
Is 73120715 a composite number?
True
Is 13931251 a prime number?
False
Is 136032187 a composite number?
False
Is 2187901 prime?
True
Is 5598811 a composite number?
True
Is 8405951 a composite number?
False
Is 15233285 composite?
True
Is 756943 a prime number?
False
Is 207154639 composite?
True
Is 26314999 prime?
True
Is 425417 a composite number?
False
Is 13304119 composite?
True
Is 15972433 prime?
False
Is 16201751 composite?
False
Is 31257647 prime?
True
Is 44162785 a prime number?
False
Is 618323 composite?
False
Is 4212899 composite?
True
Is 326486558 a prime number?
False
Is 367874183 a composite number?
False
Is 61997329 a prime number?
True
Is 3709939 a composite number?
False
Is 2181793 a prime number?
False
Is 3886109 a prime number?
True
Is 32116603 prime?
False
Is 33710947 a prime number?
False
Is 95119289 a prime number?
True
Is 213413723 a composite number?
True
Is 9336207 composite?
True
Is 31988321 prime?
True
Is 98561 a composite number?
False
Is 64114439 a prime number?
False
Is 1701033 a prime number?
False
Is 8858287 a prime number?
True
Is 48421267 a composite number?
False
Is 302865169 composite?
True
Is 515136707 composite?
True
Is 1311477 a composite number?
True
Is 1887761 prime?
False
Is 132454093 a composite number?
True
Is 68533 a composite number?
True
Is 24641431 prime?
True
Is 6769167 a composite number?
True
Is 47122903 a composite number?
False
Is 71507533 a composite number?
True
Is 1064653 a composite number?
False
Is 572719 composite?
True
Is 22122979 composite?
False
Is 45122937 a composite number?
True
Is 6744261 a prime number?
False
Is 188913 a prime number?
False
Is 19789069 a prime number?
True
Is 1368451 composite?
True
Is 472913 a prime number?
False
Is 5497951 a composite number?
True
Is 11465738 composite?
True
Is 20437117 a prime number?
True
Is 38144201 composite?
False
Is 3196993 a prime number?
False
Is 347631233 composite?
True
Is 12155819 prime?
False
Is 9829653 a composite number?
True
Is 3067117 prime?
False
Is 5784419 composite?
True
Is 3780113 prime?
True
Is 958597 prime?
False
Is 53692981 a prime number?
False
Is 707821 composite?
True
Is 2412777 a prime number?
False
Is 10515543 prime?
False
Is 77771 composite?
True
Is 19633469 a prime number?
True
Is 5272009 composite?
False
Is 920677 a composite number?
False
Is 727157 composite?
False
Is 92157773 a prime number?
True
Is 26866253 composite?
True
Is 8129779 prime?
False
Is 17394413 a composite number?
True
Is 107035 composite?
True
Is 115610813 a composite number?
True
Is 29860013 composite?
True
Is 999563 prime?
True
Is 35798429 a composite number?
True
Is 2641759 prime?
True
Is 21372823 a composite number?
True
Is 13987663 a composite number?
False
Is 3851031 a composite number?
True
Is 452844979 composite?
False
Is 324391439 prime?
True
Is 335095681 a prime number?
True
Is 21017289 a composite number?
True
Is 602421059 composite?
False
Is 552257 composite?
True
Is 28655233 a composite number?
True
Is 177122599 prime?
False
Is 73724803 prime?
True
Is 22856549 prime?
False
Is 34438519 composite?
True
Is 1086413 a composite number?
False
Is 283909 a prime number?
True
Is 319711 prime?
False
Is 128818757 composite?
True
Is 657765143 prime?
False
Is 230719 a prime number?
True
Is 447377421 a composite number?
True
Is 26309369 prime?
True
Is 4388005 a composite number?
True
Is 56124637 a prime number?
True
Is 1118339 a prime number?
True
Is 6177581 a composite number?
False
Is 1406390801 prime?
True
Is 139109837 prime?
False
Is 2926453 a composite number?
False
Is 195562319 a composite number?
False
Is 25480561 a prime number?
False